{"id":9230,"date":"2016-03-21T18:29:32","date_gmt":"2016-03-21T18:29:32","guid":{"rendered":"http:\/\/www.dravillanueva.com\/medicinaestetica\/?page_id=9230"},"modified":"2020-05-25T10:12:27","modified_gmt":"2020-05-25T08:12:27","slug":"anti-aging-efecto-flash","status":"publish","type":"page","link":"https:\/\/dravillanueva.com\/medicina-estetica\/anti-aging-efecto-flash\/","title":{"rendered":"Anti-Aging Efecto Flash"},"content":{"rendered":"  <div id=\"page-header-51829120\" class=\"page-header-wrapper\">\n  <div class=\"page-title dark featured-title\">\n\n        <div class=\"page-title-bg\">\n      <div class=\"title-bg fill bg-fill\"\n        data-parallax-container=\".page-title\"\n        data-parallax-background\n        data-parallax=\"-\">\n      <\/div>\n      <div class=\"title-overlay fill\"><\/div>\n    <\/div>\n    \n    <div class=\"page-title-inner container align-bottom text-center flex-row-col medium-flex-wrap\" >\n              <div class=\"title-wrapper is-xlarge flex-col\">\n          <h1 class=\"entry-title mb-0\">\n            Anti-Aging Efecto Flash          <\/h1>\n        <\/div>\n                    <div class=\"title-content flex-col\">\n        <div class=\"title-breadcrumbs pb-half pt-half\"><\/div>      <\/div>\n    <\/div>\n\n     \n<style>\n#page-header-51829120 .page-title-inner {\n  min-height: 300px;\n}\n#page-header-51829120 .title-bg {\n  background-image: url(https:\/\/dravillanueva.com\/medicina-estetica\/wp-content\/uploads\/Anti-Aging-Efecto-Flash.jpg);\n  background-position: 38% 47%;\n}\n#page-header-51829120 .title-overlay {\n  background-color: rgba(0, 0, 0, 0.5);\n}\n<\/style>\n  <\/div>\n    <\/div>\n  \n\t<div id=\"gap-1381076962\" class=\"gap-element clearfix\" style=\"display:block; height:auto;\">\n\t\t\n<style>\n#gap-1381076962 {\n  padding-top: 80px;\n}\n<\/style>\n\t<\/div>\n\t\n<div class=\"row\"  id=\"row-704786767\">\n\n\t<div id=\"col-1576336988\" class=\"col medium-7 small-12 large-7\"  >\n\t\t\t\t<div class=\"col-inner\"  >\n\t\t\t\n\t\t\t\n<p>\u00bfTienes alg\u00fan compromiso? \u00bfUna cena especial? \u00bfUna boda?\u00a0<strong>Anti-Aging Efecto Flash<\/strong>\u00a0es tu tratamiento.<\/p>\n<p>Que mejor que un tratamiento que realza tu belleza para que puedas estar perfecta en estos momentos tan especiales para ti.<\/p>\n<p>Desde su nacimiento, el organismo sufre una serie de modificaciones biol\u00f3gicas que van determinando las edades del individuo. \u00a0Con los a\u00f1os se produce un deterioro de las fibras de elastina y col\u00e1geno de la dermis, que son responsables de mantener la firmeza y la elasticidad de la piel.<\/p>\n<p>Les ofrecemos un tratamiento personalizado dise\u00f1ado para favorecer la renovaci\u00f3n celular, reduciendo la profundidad de las arrugas y reforzando la energ\u00eda de la piel, consiguiendo una tez firme, iluminada que se muestra m\u00e1s joven y saca lo mejor de ti eliminando el rastro del cansancio.<\/p>\n<p>Anti-Aging Efecto Flash incluye un masaje estimulador con Lifting Rollers\u00a0con un nuevo cosm\u00e9tico desarrollado a partir de un innovador principio activo que crea una pel\u00edcula que se adhiere a la superficie de la piel suavizando el microrrelieve, tensando la piel y dej\u00e1ndola descansada y luminosa.<\/p>\n\t\t<\/div>\n\t\t\t\t\t<\/div>\n\n\t\n\n\t<div id=\"col-1333240829\" class=\"col medium-5 small-12 large-5\"  >\n\t\t\t\t<div class=\"col-inner\"  >\n\t\t\t\n\t\t\t\n<p>Este producto junto al masaje proporciona una elevaci\u00f3n de las estructuras cut\u00e1neas en proceso de envejecimiento a la vez que mejora la calidad y cantidad de col\u00e1geno.<\/p>\n<p>Incorporamos tambi\u00e9n un peeling Luminoso,\u00a0 que realzara el brillo en tu piel gracias a su alto contendido de vitamina C.<\/p>\n<p>La duraci\u00f3n de este tratamiento es de aproximadamente 1 hora.<\/p>\n<h2 style=\"text-align: center;\"><b>Recomendaciones<\/b><\/h2>\n<div>\n<p>La mejor manera de retrasar el envejecimiento cut\u00e1neo consiste en la prevenci\u00f3n, la utilizaci\u00f3n de protectores solares y moderar el consumo de bebidas alcoh\u00f3licas y tabaco ayuda a ralentizar el proceso.<\/p>\n<\/div>\n\t\t<\/div>\n\t\t\t\t\t<\/div>\n\n\t\n<\/div>\n\t<div id=\"gap-536036081\" class=\"gap-element clearfix\" style=\"display:block; height:auto;\">\n\t\t\n<style>\n#gap-536036081 {\n  padding-top: 60px;\n}\n<\/style>\n\t<\/div>\n\t\n\t<section class=\"section\" id=\"section_973449389\">\n\t\t<div class=\"bg section-bg fill bg-fill  bg-loaded\" >\n\n\t\t\t\n\t\t\t\n\t\t\t\n\n\t\t<\/div>\n\n\t\t\n\n\t\t<div class=\"section-content relative\">\n\t\t\t\n<h2 style=\"text-align: center;\"><span style=\"font-size: 120%;\">Art\u00edculos relacionados<\/span><\/h2>\n\t<div id=\"gap-1244951747\" class=\"gap-element clearfix\" style=\"display:block; height:auto;\">\n\t\t\n<style>\n#gap-1244951747 {\n  padding-top: 15px;\n}\n<\/style>\n\t<\/div>\n\t\n<div class=\"row\"  id=\"row-147842953\">\n\n\t<div id=\"col-2110349259\" class=\"col medium-6 small-12 large-6\"  >\n\t\t\t\t<div class=\"col-inner text-center\"  >\n\t\t\t\n\t\t\t\n\n  <div class=\"banner has-hover bg-zoom bg-overlay-remove-50\" id=\"banner-521150279\">\n          <div class=\"banner-inner fill\">\n        <div class=\"banner-bg fill\" >\n            <div class=\"bg fill bg-fill \"><\/div>\n                        <div class=\"overlay\"><\/div>            \n                    <\/div>\n\t\t\n        <div class=\"banner-layers container\">\n            <a class=\"fill\" href=\"http:\/\/dravillanueva.com\/medicina-estetica\/lo-puedes-piel-despues-del-verano\/\"  ><div class=\"fill banner-link\"><\/div><\/a>            \n   <div id=\"text-box-111928738\" class=\"text-box banner-layer x50 md-x50 lg-x50 y80 md-y80 lg-y80 res-text\">\n                                <div class=\"text-box-content text dark\">\n              \n              <div class=\"text-inner text-center\">\n                  \n<h4 class=\"uppercase\">Todo lo que puedes hacer con tu piel despu\u00e9s del verano<\/p>\n<\/h4>\n              <\/div>\n           <\/div>\n                            \n<style>\n#text-box-111928738 {\n  width: 60%;\n}\n#text-box-111928738 .text-box-content {\n  font-size: 100%;\n}\n<\/style>\n    <\/div>\n \n        <\/div>\n      <\/div>\n\n            \n<style>\n#banner-521150279 {\n  padding-top: 300px;\n}\n#banner-521150279 .bg.bg-loaded {\n  background-image: url(https:\/\/dravillanueva.com\/medicina-estetica\/wp-content\/uploads\/todo-lo-que-puedes-hacer-con-tu-piel-despus-del-verano-1024x682.jpg);\n}\n#banner-521150279 .overlay {\n  background-color: rgba(0,0,0,.5);\n}\n#banner-521150279 .bg {\n  background-position: 85% 23%;\n}\n#banner-521150279 .ux-shape-divider--top svg {\n  height: 150px;\n  --divider-top-width: 100%;\n}\n#banner-521150279 .ux-shape-divider--bottom svg {\n  height: 150px;\n  --divider-width: 100%;\n}\n<\/style>\n  <\/div>\n\n\n\t<div id=\"gap-777725348\" class=\"gap-element clearfix\" style=\"display:block; height:auto;\">\n\t\t\n<style>\n#gap-777725348 {\n  padding-top: 30px;\n}\n<\/style>\n\t<\/div>\n\t\n\t\t<\/div>\n\t\t\t\t\t<\/div>\n\n\t\n\n\t<div id=\"col-918436665\" class=\"col medium-6 small-12 large-6\"  >\n\t\t\t\t<div class=\"col-inner text-center\"  >\n\t\t\t\n\t\t\t\n\n  <div class=\"banner has-hover bg-zoom bg-overlay-remove-50\" id=\"banner-2002207709\">\n          <div class=\"banner-inner fill\">\n        <div class=\"banner-bg fill\" >\n            <div class=\"bg fill bg-fill \"><\/div>\n                        <div class=\"overlay\"><\/div>            \n                    <\/div>\n\t\t\n        <div class=\"banner-layers container\">\n            <a class=\"fill\" href=\"http:\/\/dravillanueva.com\/medicina-estetica\/como-te-puedo-ayudar-a-hacer-menos-cara-cansada\/\"  ><div class=\"fill banner-link\"><\/div><\/a>            \n   <div id=\"text-box-2076899079\" class=\"text-box banner-layer x50 md-x50 lg-x50 y80 md-y80 lg-y80 res-text\">\n                                <div class=\"text-box-content text dark\">\n              \n              <div class=\"text-inner text-center\">\n                  \n<h4 class=\"uppercase\">Como te puedo ayudar a hacer menos cara cansada<\/p>\n<\/h4>\n              <\/div>\n           <\/div>\n                            \n<style>\n#text-box-2076899079 {\n  width: 60%;\n}\n#text-box-2076899079 .text-box-content {\n  font-size: 100%;\n}\n<\/style>\n    <\/div>\n \n        <\/div>\n      <\/div>\n\n            \n<style>\n#banner-2002207709 {\n  padding-top: 300px;\n}\n#banner-2002207709 .bg.bg-loaded {\n  background-image: url(https:\/\/dravillanueva.com\/medicina-estetica\/wp-content\/uploads\/como-te-puedo-ayudar-a-hacer-menos-cara-cansada-1024x682.jpg);\n}\n#banner-2002207709 .overlay {\n  background-color: rgba(0,0,0,.5);\n}\n#banner-2002207709 .ux-shape-divider--top svg {\n  height: 150px;\n  --divider-top-width: 100%;\n}\n#banner-2002207709 .ux-shape-divider--bottom svg {\n  height: 150px;\n  --divider-width: 100%;\n}\n<\/style>\n  <\/div>\n\n\n\t<div id=\"gap-650993220\" class=\"gap-element clearfix\" style=\"display:block; height:auto;\">\n\t\t\n<style>\n#gap-650993220 {\n  padding-top: 30px;\n}\n<\/style>\n\t<\/div>\n\t\n\t\t<\/div>\n\t\t\t\t\t<\/div>\n\n\t\n<\/div>\n\t\t<\/div>\n\n\t\t\n<style>\n#section_973449389 {\n  padding-top: 45px;\n  padding-bottom: 45px;\n  background-color: rgb(255,255,255);\n}\n#section_973449389 .ux-shape-divider--top svg {\n  height: 150px;\n  --divider-top-width: 100%;\n}\n#section_973449389 .ux-shape-divider--bottom svg {\n  height: 150px;\n  --divider-width: 100%;\n}\n<\/style>\n\t<\/section>\n\t\n\n  <div class=\"banner has-hover\" id=\"banner-601971185\">\n          <div class=\"banner-inner fill\">\n        <div class=\"banner-bg fill\" >\n            <div class=\"bg fill bg-fill \"><\/div>\n                                    \n                    <\/div>\n\t\t\n        <div class=\"banner-layers container\">\n            <div class=\"fill banner-link\"><\/div>            \n   <div id=\"text-box-520827895\" class=\"text-box banner-layer x50 md-x50 lg-x50 y50 md-y50 lg-y50 res-text\">\n                                <div class=\"text-box-content text dark\">\n              \n              <div class=\"text-inner text-center\">\n                  \n<h3><span style=\"font-size: 85%;\">Pide tu cita llamando al\u00a0933 622 565 o si lo prefieres contacta con nosotros.<\/span><\/h3>\n\t<div id=\"gap-258100454\" class=\"gap-element clearfix\" style=\"display:block; height:auto;\">\n\t\t\n<style>\n#gap-258100454 {\n  padding-top: 30px;\n}\n<\/style>\n\t<\/div>\n\t\n<a href=\"http:\/\/dravillanueva.com\/medicina-estetica\/contactar\/\" target=\"_self\" class=\"button white is-outline\"  style=\"border-radius:99px;\">\n    <span>quiero enviar un mensaje<\/span>\n  <\/a>\n\n              <\/div>\n           <\/div>\n                            \n<style>\n#text-box-520827895 {\n  width: 48%;\n}\n#text-box-520827895 .text-box-content {\n  font-size: 100%;\n}\n<\/style>\n    <\/div>\n \n        <\/div>\n      <\/div>\n\n            \n<style>\n#banner-601971185 {\n  padding-top: 225px;\n  background-color: rgb(210, 110, 75);\n}\n#banner-601971185 .ux-shape-divider--top svg {\n  height: 150px;\n  --divider-top-width: 100%;\n}\n#banner-601971185 .ux-shape-divider--bottom svg {\n  height: 150px;\n  --divider-width: 100%;\n}\n@media (min-width:550px) {\n  #banner-601971185 {\n    padding-top: 300px;\n  }\n}\n<\/style>\n  <\/div>\n\n\n","protected":false},"excerpt":{"rendered":"Anti-Aging Efecto Flash #page-header-1329110197 .page-title-inner { min-height: 300px; } #page-header-1329110197 .title-bg { background-image: url(https:\/\/dravillanueva.com\/medicina-estetica\/wp-content\/uploads\/Anti-Aging-Efecto-Flash.jpg); background-position: 38% 47%; } #page-header-1329110197 .title-overlay { background-color: rgba(0, 0, 0, 0.5); } #gap-1208554847 { padding-top: 80px; } \u00bfTienes alg\u00fan compromiso? \u00bfUna cena especial? \u00bfUna boda?\u00a0Anti-Aging Efecto Flash\u00a0es tu tratamiento. Que mejor que un tratamiento que realza tu belleza para que [...]","protected":false},"author":4,"featured_media":9310,"parent":0,"menu_order":0,"comment_status":"open","ping_status":"closed","template":"","meta":{"h5ap_radio_sources":[],"footnotes":""},"class_list":["post-9230","page","type-page","status-publish","has-post-thumbnail","hentry"],"yoast_head":"<!-- This site is optimized with the Yoast SEO plugin v27.4 - https:\/\/yoast.com\/product\/yoast-seo-wordpress\/ -->\n<title>Anti-Aging Efecto Flash - Dravillanueva.com<\/title>\n<meta name=\"description\" content=\"\u00bfTienes alg\u00fan compromiso? \u00bfUna cena especial? \u00bfUna boda? Anti-Aging Efecto Flash es tu tratamiento.\" \/>\n<meta name=\"robots\" content=\"index, follow, max-snippet:-1, max-image-preview:large, max-video-preview:-1\" \/>\n<link rel=\"canonical\" href=\"https:\/\/dravillanueva.com\/medicina-estetica\/anti-aging-efecto-flash\/\" \/>\n<meta property=\"og:locale\" content=\"es_ES\" \/>\n<meta property=\"og:type\" content=\"article\" \/>\n<meta property=\"og:title\" content=\"Anti-Aging Efecto Flash - Dravillanueva.com\" \/>\n<meta property=\"og:description\" content=\"\u00bfTienes alg\u00fan compromiso? \u00bfUna cena especial? \u00bfUna boda? Anti-Aging Efecto Flash es tu tratamiento.\" \/>\n<meta property=\"og:url\" content=\"https:\/\/dravillanueva.com\/medicina-estetica\/anti-aging-efecto-flash\/\" \/>\n<meta property=\"og:site_name\" content=\"Dravillanueva.com\" \/>\n<meta property=\"article:modified_time\" content=\"2020-05-25T08:12:27+00:00\" \/>\n<meta property=\"og:image\" content=\"https:\/\/dravillanueva.com\/medicina-estetica\/wp-content\/uploads\/Anti-Aging-Efecto-Flash.jpg\" \/>\n\t<meta property=\"og:image:width\" content=\"1500\" \/>\n\t<meta property=\"og:image:height\" content=\"1111\" \/>\n\t<meta property=\"og:image:type\" content=\"image\/jpeg\" \/>\n<meta name=\"twitter:card\" content=\"summary_large_image\" \/>\n<meta name=\"twitter:label1\" content=\"Tiempo de lectura\" \/>\n\t<meta name=\"twitter:data1\" content=\"2 minutos\" \/>\n<script type=\"application\/ld+json\" class=\"yoast-schema-graph\">{\"@context\":\"https:\\\/\\\/schema.org\",\"@graph\":[{\"@type\":\"WebPage\",\"@id\":\"https:\\\/\\\/dravillanueva.com\\\/medicina-estetica\\\/anti-aging-efecto-flash\\\/\",\"url\":\"https:\\\/\\\/dravillanueva.com\\\/medicina-estetica\\\/anti-aging-efecto-flash\\\/\",\"name\":\"Anti-Aging Efecto Flash - Dravillanueva.com\",\"isPartOf\":{\"@id\":\"https:\\\/\\\/dravillanueva.com\\\/medicina-estetica\\\/#website\"},\"primaryImageOfPage\":{\"@id\":\"https:\\\/\\\/dravillanueva.com\\\/medicina-estetica\\\/anti-aging-efecto-flash\\\/#primaryimage\"},\"image\":{\"@id\":\"https:\\\/\\\/dravillanueva.com\\\/medicina-estetica\\\/anti-aging-efecto-flash\\\/#primaryimage\"},\"thumbnailUrl\":\"https:\\\/\\\/dravillanueva.com\\\/medicina-estetica\\\/wp-content\\\/uploads\\\/Anti-Aging-Efecto-Flash.jpg\",\"datePublished\":\"2016-03-21T18:29:32+00:00\",\"dateModified\":\"2020-05-25T08:12:27+00:00\",\"description\":\"\u00bfTienes alg\u00fan compromiso? \u00bfUna cena especial? \u00bfUna boda? Anti-Aging Efecto Flash es tu tratamiento.\",\"breadcrumb\":{\"@id\":\"https:\\\/\\\/dravillanueva.com\\\/medicina-estetica\\\/anti-aging-efecto-flash\\\/#breadcrumb\"},\"inLanguage\":\"es\",\"potentialAction\":[{\"@type\":\"ReadAction\",\"target\":[\"https:\\\/\\\/dravillanueva.com\\\/medicina-estetica\\\/anti-aging-efecto-flash\\\/\"]}]},{\"@type\":\"ImageObject\",\"inLanguage\":\"es\",\"@id\":\"https:\\\/\\\/dravillanueva.com\\\/medicina-estetica\\\/anti-aging-efecto-flash\\\/#primaryimage\",\"url\":\"https:\\\/\\\/dravillanueva.com\\\/medicina-estetica\\\/wp-content\\\/uploads\\\/Anti-Aging-Efecto-Flash.jpg\",\"contentUrl\":\"https:\\\/\\\/dravillanueva.com\\\/medicina-estetica\\\/wp-content\\\/uploads\\\/Anti-Aging-Efecto-Flash.jpg\",\"width\":1500,\"height\":1111,\"caption\":\"Anti-Aging-Efecto-Flash\"},{\"@type\":\"BreadcrumbList\",\"@id\":\"https:\\\/\\\/dravillanueva.com\\\/medicina-estetica\\\/anti-aging-efecto-flash\\\/#breadcrumb\",\"itemListElement\":[{\"@type\":\"ListItem\",\"position\":1,\"name\":\"Portada\",\"item\":\"https:\\\/\\\/dravillanueva.com\\\/medicina-estetica\\\/\"},{\"@type\":\"ListItem\",\"position\":2,\"name\":\"Anti-Aging Efecto Flash\"}]},{\"@type\":\"WebSite\",\"@id\":\"https:\\\/\\\/dravillanueva.com\\\/medicina-estetica\\\/#website\",\"url\":\"https:\\\/\\\/dravillanueva.com\\\/medicina-estetica\\\/\",\"name\":\"Dravillanueva.com\",\"description\":\"Especialista en Medicina Est\u00e9tica\",\"potentialAction\":[{\"@type\":\"SearchAction\",\"target\":{\"@type\":\"EntryPoint\",\"urlTemplate\":\"https:\\\/\\\/dravillanueva.com\\\/medicina-estetica\\\/?s={search_term_string}\"},\"query-input\":{\"@type\":\"PropertyValueSpecification\",\"valueRequired\":true,\"valueName\":\"search_term_string\"}}],\"inLanguage\":\"es\"}]}<\/script>\n<!-- \/ Yoast SEO plugin. -->","yoast_head_json":{"title":"Anti-Aging Efecto Flash - Dravillanueva.com","description":"\u00bfTienes alg\u00fan compromiso? \u00bfUna cena especial? \u00bfUna boda? Anti-Aging Efecto Flash es tu tratamiento.","robots":{"index":"index","follow":"follow","max-snippet":"max-snippet:-1","max-image-preview":"max-image-preview:large","max-video-preview":"max-video-preview:-1"},"canonical":"https:\/\/dravillanueva.com\/medicina-estetica\/anti-aging-efecto-flash\/","og_locale":"es_ES","og_type":"article","og_title":"Anti-Aging Efecto Flash - Dravillanueva.com","og_description":"\u00bfTienes alg\u00fan compromiso? \u00bfUna cena especial? \u00bfUna boda? Anti-Aging Efecto Flash es tu tratamiento.","og_url":"https:\/\/dravillanueva.com\/medicina-estetica\/anti-aging-efecto-flash\/","og_site_name":"Dravillanueva.com","article_modified_time":"2020-05-25T08:12:27+00:00","og_image":[{"width":1500,"height":1111,"url":"https:\/\/dravillanueva.com\/medicina-estetica\/wp-content\/uploads\/Anti-Aging-Efecto-Flash.jpg","type":"image\/jpeg"}],"twitter_card":"summary_large_image","twitter_misc":{"Tiempo de lectura":"2 minutos"},"schema":{"@context":"https:\/\/schema.org","@graph":[{"@type":"WebPage","@id":"https:\/\/dravillanueva.com\/medicina-estetica\/anti-aging-efecto-flash\/","url":"https:\/\/dravillanueva.com\/medicina-estetica\/anti-aging-efecto-flash\/","name":"Anti-Aging Efecto Flash - Dravillanueva.com","isPartOf":{"@id":"https:\/\/dravillanueva.com\/medicina-estetica\/#website"},"primaryImageOfPage":{"@id":"https:\/\/dravillanueva.com\/medicina-estetica\/anti-aging-efecto-flash\/#primaryimage"},"image":{"@id":"https:\/\/dravillanueva.com\/medicina-estetica\/anti-aging-efecto-flash\/#primaryimage"},"thumbnailUrl":"https:\/\/dravillanueva.com\/medicina-estetica\/wp-content\/uploads\/Anti-Aging-Efecto-Flash.jpg","datePublished":"2016-03-21T18:29:32+00:00","dateModified":"2020-05-25T08:12:27+00:00","description":"\u00bfTienes alg\u00fan compromiso? \u00bfUna cena especial? \u00bfUna boda? Anti-Aging Efecto Flash es tu tratamiento.","breadcrumb":{"@id":"https:\/\/dravillanueva.com\/medicina-estetica\/anti-aging-efecto-flash\/#breadcrumb"},"inLanguage":"es","potentialAction":[{"@type":"ReadAction","target":["https:\/\/dravillanueva.com\/medicina-estetica\/anti-aging-efecto-flash\/"]}]},{"@type":"ImageObject","inLanguage":"es","@id":"https:\/\/dravillanueva.com\/medicina-estetica\/anti-aging-efecto-flash\/#primaryimage","url":"https:\/\/dravillanueva.com\/medicina-estetica\/wp-content\/uploads\/Anti-Aging-Efecto-Flash.jpg","contentUrl":"https:\/\/dravillanueva.com\/medicina-estetica\/wp-content\/uploads\/Anti-Aging-Efecto-Flash.jpg","width":1500,"height":1111,"caption":"Anti-Aging-Efecto-Flash"},{"@type":"BreadcrumbList","@id":"https:\/\/dravillanueva.com\/medicina-estetica\/anti-aging-efecto-flash\/#breadcrumb","itemListElement":[{"@type":"ListItem","position":1,"name":"Portada","item":"https:\/\/dravillanueva.com\/medicina-estetica\/"},{"@type":"ListItem","position":2,"name":"Anti-Aging Efecto Flash"}]},{"@type":"WebSite","@id":"https:\/\/dravillanueva.com\/medicina-estetica\/#website","url":"https:\/\/dravillanueva.com\/medicina-estetica\/","name":"Dravillanueva.com","description":"Especialista en Medicina Est\u00e9tica","potentialAction":[{"@type":"SearchAction","target":{"@type":"EntryPoint","urlTemplate":"https:\/\/dravillanueva.com\/medicina-estetica\/?s={search_term_string}"},"query-input":{"@type":"PropertyValueSpecification","valueRequired":true,"valueName":"search_term_string"}}],"inLanguage":"es"}]}},"amp_enabled":true,"_links":{"self":[{"href":"https:\/\/dravillanueva.com\/medicina-estetica\/wp-json\/wp\/v2\/pages\/9230","targetHints":{"allow":["GET"]}}],"collection":[{"href":"https:\/\/dravillanueva.com\/medicina-estetica\/wp-json\/wp\/v2\/pages"}],"about":[{"href":"https:\/\/dravillanueva.com\/medicina-estetica\/wp-json\/wp\/v2\/types\/page"}],"author":[{"embeddable":true,"href":"https:\/\/dravillanueva.com\/medicina-estetica\/wp-json\/wp\/v2\/users\/4"}],"replies":[{"embeddable":true,"href":"https:\/\/dravillanueva.com\/medicina-estetica\/wp-json\/wp\/v2\/comments?post=9230"}],"version-history":[{"count":6,"href":"https:\/\/dravillanueva.com\/medicina-estetica\/wp-json\/wp\/v2\/pages\/9230\/revisions"}],"predecessor-version":[{"id":15179,"href":"https:\/\/dravillanueva.com\/medicina-estetica\/wp-json\/wp\/v2\/pages\/9230\/revisions\/15179"}],"wp:featuredmedia":[{"embeddable":true,"href":"https:\/\/dravillanueva.com\/medicina-estetica\/wp-json\/wp\/v2\/media\/9310"}],"wp:attachment":[{"href":"https:\/\/dravillanueva.com\/medicina-estetica\/wp-json\/wp\/v2\/media?parent=9230"}],"curies":[{"name":"wp","href":"https:\/\/api.w.org\/{rel}","templated":true}]}}