{"id":9210,"date":"2016-03-21T18:22:15","date_gmt":"2016-03-21T18:22:15","guid":{"rendered":"http:\/\/www.dravillanueva.com\/medicinaestetica\/?page_id=9210"},"modified":"2020-05-25T10:05:49","modified_gmt":"2020-05-25T08:05:49","slug":"correccion-nasal","status":"publish","type":"page","link":"https:\/\/dravillanueva.com\/medicina-estetica\/correccion-nasal\/","title":{"rendered":"Correcci\u00f3n Nasal"},"content":{"rendered":"  <div id=\"page-header-527061889\" class=\"page-header-wrapper\">\n  <div class=\"page-title dark featured-title\">\n\n        <div class=\"page-title-bg\">\n      <div class=\"title-bg fill bg-fill\"\n        data-parallax-container=\".page-title\"\n        data-parallax-background\n        data-parallax=\"-\">\n      <\/div>\n      <div class=\"title-overlay fill\"><\/div>\n    <\/div>\n    \n    <div class=\"page-title-inner container align-bottom text-center flex-row-col medium-flex-wrap\" >\n              <div class=\"title-wrapper is-xlarge flex-col\">\n          <h1 class=\"entry-title mb-0\">\n            Correcci\u00f3n Nasal          <\/h1>\n        <\/div>\n                    <div class=\"title-content flex-col\">\n        <div class=\"title-breadcrumbs pb-half pt-half\"><\/div>      <\/div>\n    <\/div>\n\n     \n<style>\n#page-header-527061889 .page-title-inner {\n  min-height: 300px;\n}\n#page-header-527061889 .title-bg {\n  background-image: url(https:\/\/dravillanueva.com\/medicina-estetica\/wp-content\/uploads\/correccion-nasal-o-rinoplastia.jpg);\n  background-position: 37% 52%;\n}\n#page-header-527061889 .title-overlay {\n  background-color: rgba(0, 0, 0, 0.5);\n}\n<\/style>\n  <\/div>\n    <\/div>\n  \n\t<div id=\"gap-1247693885\" class=\"gap-element clearfix\" style=\"display:block; height:auto;\">\n\t\t\n<style>\n#gap-1247693885 {\n  padding-top: 80px;\n}\n<\/style>\n\t<\/div>\n\t\n<div class=\"row\"  id=\"row-1038390796\">\n\n\t<div id=\"col-638600414\" class=\"col small-12 large-12\"  >\n\t\t\t\t<div class=\"col-inner\"  >\n\t\t\t\n\t\t\t\n<p>La rinoplastia sin cirug\u00eda, la rinomodelaci\u00f3n o el rinolook \u2013como viene llam\u00e1ndose ahora-\u00a0 utiliza implantes para corregir algunos defectos de la nariz. Podemos suavizar los \u00e1ngulos nasales, levantar la\u00a0 punta nasal al rotar las estructuras de la base nasal y tambi\u00e9n evitar el proceso de ca\u00edda de la punta que se produce con el envejecimiento facial.<\/p>\n<p>Corregimos narices muy ganchudas, que, aunque no disminuyen de tama\u00f1o, s\u00ed que mejoran mucho su apariencia. A su vez tambi\u00e9n podemos rellenar el dorso para cambiar el \u00e1ngulo rino-frontal y\u00a0 tambi\u00e9n disimular peque\u00f1os huecos y defectos.<\/p>\n<p>Muchas veces la correcci\u00f3n de la nariz precisa tambi\u00e9n de la correcci\u00f3n del ment\u00f3n para armonizar el perfil facial.<\/p>\n<p>Con la Rinoplastia sin cirug\u00eda o Rinolook pueden tambi\u00e9n corregirse peque\u00f1os defectos que pueden haber quedado tras cirug\u00edas previas o fracturas nasales.<\/p>\n<p>Para estos rellenos utilizamos \u00e1cido hialur\u00f3nico e hidroxiapatita c\u00e1lcica. Son tratamientos no permanentes de una duraci\u00f3n aproximada de 18 meses. Se realizan en la consulta sin anestesia o con una anestesia muy ligera, de forma que el paciente puede volver inmediatamente a su vida normal.<\/p>\n<p>De todas formas es tambi\u00e9n cierto que no podemos corregirlo todo con esta t\u00e9cnica. Algunas narices solo pueden corregirse con cirug\u00eda, por lo que es muy importante la indicaci\u00f3n<\/p>\n\t\t<\/div>\n\t\t\t\t\t<\/div>\n\n\t\n<\/div>\n\t<div id=\"gap-1567588318\" class=\"gap-element clearfix\" style=\"display:block; height:auto;\">\n\t\t\n<style>\n#gap-1567588318 {\n  padding-top: 60px;\n}\n<\/style>\n\t<\/div>\n\t\n\n  <div class=\"banner has-hover\" id=\"banner-1725279034\">\n          <div class=\"banner-inner fill\">\n        <div class=\"banner-bg fill\" >\n            <div class=\"bg fill bg-fill \"><\/div>\n                                    \n                    <\/div>\n\t\t\n        <div class=\"banner-layers container\">\n            <div class=\"fill banner-link\"><\/div>            \n   <div id=\"text-box-1698243821\" class=\"text-box banner-layer x50 md-x50 lg-x50 y50 md-y50 lg-y50 res-text\">\n                                <div class=\"text-box-content text dark\">\n              \n              <div class=\"text-inner text-center\">\n                  \n<h3><span style=\"font-size: 85%;\">Pide tu cita llamando al\u00a0933 622 565 o si lo prefieres contacta con nosotros.<\/span><\/h3>\n\t<div id=\"gap-1615023223\" class=\"gap-element clearfix\" style=\"display:block; height:auto;\">\n\t\t\n<style>\n#gap-1615023223 {\n  padding-top: 30px;\n}\n<\/style>\n\t<\/div>\n\t\n<a href=\"http:\/\/dravillanueva.com\/medicina-estetica\/contactar\/\" target=\"_self\" class=\"button white is-outline\"  style=\"border-radius:99px;\">\n    <span>quiero enviar un mensaje<\/span>\n  <\/a>\n\n              <\/div>\n           <\/div>\n                            \n<style>\n#text-box-1698243821 {\n  width: 90%;\n}\n#text-box-1698243821 .text-box-content {\n  font-size: 100%;\n}\n@media (min-width:550px) {\n  #text-box-1698243821 {\n    width: 48%;\n  }\n}\n<\/style>\n    <\/div>\n \n        <\/div>\n      <\/div>\n\n            \n<style>\n#banner-1725279034 {\n  padding-top: 225px;\n  background-color: rgb(210, 110, 75);\n}\n#banner-1725279034 .ux-shape-divider--top svg {\n  height: 150px;\n  --divider-top-width: 100%;\n}\n#banner-1725279034 .ux-shape-divider--bottom svg {\n  height: 150px;\n  --divider-width: 100%;\n}\n@media (min-width:550px) {\n  #banner-1725279034 {\n    padding-top: 300px;\n  }\n}\n<\/style>\n  <\/div>\n\n\n","protected":false},"excerpt":{"rendered":"Correcci\u00f3n Nasal #page-header-930636876 .page-title-inner { min-height: 300px; } #page-header-930636876 .title-bg { background-image: url(https:\/\/dravillanueva.com\/medicina-estetica\/wp-content\/uploads\/correccion-nasal-o-rinoplastia.jpg); background-position: 37% 52%; } #page-header-930636876 .title-overlay { background-color: rgba(0, 0, 0, 0.5); } #gap-551261268 { padding-top: 80px; } La rinoplastia sin cirug\u00eda, la rinomodelaci\u00f3n o el rinolook \u2013como viene llam\u00e1ndose ahora-\u00a0 utiliza implantes para corregir algunos defectos de la nariz. Podemos suavizar [...]","protected":false},"author":4,"featured_media":9366,"parent":0,"menu_order":0,"comment_status":"open","ping_status":"closed","template":"","meta":{"h5ap_radio_sources":[],"footnotes":""},"class_list":["post-9210","page","type-page","status-publish","has-post-thumbnail","hentry"],"yoast_head":"<!-- This site is optimized with the Yoast SEO plugin v27.4 - https:\/\/yoast.com\/product\/yoast-seo-wordpress\/ -->\n<title>Correcci\u00f3n Nasal - Dravillanueva.com<\/title>\n<meta name=\"description\" content=\"La rinoplastia sin cirug\u00eda, la rinomodelaci\u00f3n o el rinolook \u2013como viene llam\u00e1ndose ahora- utiliza implantes para corregir algunos defectos de la nariz.\" \/>\n<meta name=\"robots\" content=\"index, follow, max-snippet:-1, max-image-preview:large, max-video-preview:-1\" \/>\n<link rel=\"canonical\" href=\"https:\/\/dravillanueva.com\/medicina-estetica\/correccion-nasal\/\" \/>\n<meta property=\"og:locale\" content=\"es_ES\" \/>\n<meta property=\"og:type\" content=\"article\" \/>\n<meta property=\"og:title\" content=\"Correcci\u00f3n Nasal - Dravillanueva.com\" \/>\n<meta property=\"og:description\" content=\"La rinoplastia sin cirug\u00eda, la rinomodelaci\u00f3n o el rinolook \u2013como viene llam\u00e1ndose ahora- utiliza implantes para corregir algunos defectos de la nariz.\" \/>\n<meta property=\"og:url\" content=\"https:\/\/dravillanueva.com\/medicina-estetica\/correccion-nasal\/\" \/>\n<meta property=\"og:site_name\" content=\"Dravillanueva.com\" \/>\n<meta property=\"article:modified_time\" content=\"2020-05-25T08:05:49+00:00\" \/>\n<meta property=\"og:image\" content=\"https:\/\/dravillanueva.com\/medicina-estetica\/wp-content\/uploads\/correccion-nasal-o-rinoplastia.jpg\" \/>\n\t<meta property=\"og:image:width\" content=\"1689\" \/>\n\t<meta property=\"og:image:height\" content=\"1126\" \/>\n\t<meta property=\"og:image:type\" content=\"image\/jpeg\" \/>\n<meta name=\"twitter:card\" content=\"summary_large_image\" \/>\n<meta name=\"twitter:label1\" content=\"Tiempo de lectura\" \/>\n\t<meta name=\"twitter:data1\" content=\"2 minutos\" \/>\n<script type=\"application\/ld+json\" class=\"yoast-schema-graph\">{\"@context\":\"https:\\\/\\\/schema.org\",\"@graph\":[{\"@type\":\"WebPage\",\"@id\":\"https:\\\/\\\/dravillanueva.com\\\/medicina-estetica\\\/correccion-nasal\\\/\",\"url\":\"https:\\\/\\\/dravillanueva.com\\\/medicina-estetica\\\/correccion-nasal\\\/\",\"name\":\"Correcci\u00f3n Nasal - Dravillanueva.com\",\"isPartOf\":{\"@id\":\"https:\\\/\\\/dravillanueva.com\\\/medicina-estetica\\\/#website\"},\"primaryImageOfPage\":{\"@id\":\"https:\\\/\\\/dravillanueva.com\\\/medicina-estetica\\\/correccion-nasal\\\/#primaryimage\"},\"image\":{\"@id\":\"https:\\\/\\\/dravillanueva.com\\\/medicina-estetica\\\/correccion-nasal\\\/#primaryimage\"},\"thumbnailUrl\":\"https:\\\/\\\/dravillanueva.com\\\/medicina-estetica\\\/wp-content\\\/uploads\\\/correccion-nasal-o-rinoplastia.jpg\",\"datePublished\":\"2016-03-21T18:22:15+00:00\",\"dateModified\":\"2020-05-25T08:05:49+00:00\",\"description\":\"La rinoplastia sin cirug\u00eda, la rinomodelaci\u00f3n o el rinolook \u2013como viene llam\u00e1ndose ahora- utiliza implantes para corregir algunos defectos de la nariz.\",\"breadcrumb\":{\"@id\":\"https:\\\/\\\/dravillanueva.com\\\/medicina-estetica\\\/correccion-nasal\\\/#breadcrumb\"},\"inLanguage\":\"es\",\"potentialAction\":[{\"@type\":\"ReadAction\",\"target\":[\"https:\\\/\\\/dravillanueva.com\\\/medicina-estetica\\\/correccion-nasal\\\/\"]}]},{\"@type\":\"ImageObject\",\"inLanguage\":\"es\",\"@id\":\"https:\\\/\\\/dravillanueva.com\\\/medicina-estetica\\\/correccion-nasal\\\/#primaryimage\",\"url\":\"https:\\\/\\\/dravillanueva.com\\\/medicina-estetica\\\/wp-content\\\/uploads\\\/correccion-nasal-o-rinoplastia.jpg\",\"contentUrl\":\"https:\\\/\\\/dravillanueva.com\\\/medicina-estetica\\\/wp-content\\\/uploads\\\/correccion-nasal-o-rinoplastia.jpg\",\"width\":1689,\"height\":1126,\"caption\":\"correccion-nasal-o-rinoplastia\"},{\"@type\":\"BreadcrumbList\",\"@id\":\"https:\\\/\\\/dravillanueva.com\\\/medicina-estetica\\\/correccion-nasal\\\/#breadcrumb\",\"itemListElement\":[{\"@type\":\"ListItem\",\"position\":1,\"name\":\"Portada\",\"item\":\"https:\\\/\\\/dravillanueva.com\\\/medicina-estetica\\\/\"},{\"@type\":\"ListItem\",\"position\":2,\"name\":\"Correcci\u00f3n Nasal\"}]},{\"@type\":\"WebSite\",\"@id\":\"https:\\\/\\\/dravillanueva.com\\\/medicina-estetica\\\/#website\",\"url\":\"https:\\\/\\\/dravillanueva.com\\\/medicina-estetica\\\/\",\"name\":\"Dravillanueva.com\",\"description\":\"Especialista en Medicina Est\u00e9tica\",\"potentialAction\":[{\"@type\":\"SearchAction\",\"target\":{\"@type\":\"EntryPoint\",\"urlTemplate\":\"https:\\\/\\\/dravillanueva.com\\\/medicina-estetica\\\/?s={search_term_string}\"},\"query-input\":{\"@type\":\"PropertyValueSpecification\",\"valueRequired\":true,\"valueName\":\"search_term_string\"}}],\"inLanguage\":\"es\"}]}<\/script>\n<!-- \/ Yoast SEO plugin. -->","yoast_head_json":{"title":"Correcci\u00f3n Nasal - Dravillanueva.com","description":"La rinoplastia sin cirug\u00eda, la rinomodelaci\u00f3n o el rinolook \u2013como viene llam\u00e1ndose ahora- utiliza implantes para corregir algunos defectos de la nariz.","robots":{"index":"index","follow":"follow","max-snippet":"max-snippet:-1","max-image-preview":"max-image-preview:large","max-video-preview":"max-video-preview:-1"},"canonical":"https:\/\/dravillanueva.com\/medicina-estetica\/correccion-nasal\/","og_locale":"es_ES","og_type":"article","og_title":"Correcci\u00f3n Nasal - Dravillanueva.com","og_description":"La rinoplastia sin cirug\u00eda, la rinomodelaci\u00f3n o el rinolook \u2013como viene llam\u00e1ndose ahora- utiliza implantes para corregir algunos defectos de la nariz.","og_url":"https:\/\/dravillanueva.com\/medicina-estetica\/correccion-nasal\/","og_site_name":"Dravillanueva.com","article_modified_time":"2020-05-25T08:05:49+00:00","og_image":[{"width":1689,"height":1126,"url":"https:\/\/dravillanueva.com\/medicina-estetica\/wp-content\/uploads\/correccion-nasal-o-rinoplastia.jpg","type":"image\/jpeg"}],"twitter_card":"summary_large_image","twitter_misc":{"Tiempo de lectura":"2 minutos"},"schema":{"@context":"https:\/\/schema.org","@graph":[{"@type":"WebPage","@id":"https:\/\/dravillanueva.com\/medicina-estetica\/correccion-nasal\/","url":"https:\/\/dravillanueva.com\/medicina-estetica\/correccion-nasal\/","name":"Correcci\u00f3n Nasal - Dravillanueva.com","isPartOf":{"@id":"https:\/\/dravillanueva.com\/medicina-estetica\/#website"},"primaryImageOfPage":{"@id":"https:\/\/dravillanueva.com\/medicina-estetica\/correccion-nasal\/#primaryimage"},"image":{"@id":"https:\/\/dravillanueva.com\/medicina-estetica\/correccion-nasal\/#primaryimage"},"thumbnailUrl":"https:\/\/dravillanueva.com\/medicina-estetica\/wp-content\/uploads\/correccion-nasal-o-rinoplastia.jpg","datePublished":"2016-03-21T18:22:15+00:00","dateModified":"2020-05-25T08:05:49+00:00","description":"La rinoplastia sin cirug\u00eda, la rinomodelaci\u00f3n o el rinolook \u2013como viene llam\u00e1ndose ahora- utiliza implantes para corregir algunos defectos de la nariz.","breadcrumb":{"@id":"https:\/\/dravillanueva.com\/medicina-estetica\/correccion-nasal\/#breadcrumb"},"inLanguage":"es","potentialAction":[{"@type":"ReadAction","target":["https:\/\/dravillanueva.com\/medicina-estetica\/correccion-nasal\/"]}]},{"@type":"ImageObject","inLanguage":"es","@id":"https:\/\/dravillanueva.com\/medicina-estetica\/correccion-nasal\/#primaryimage","url":"https:\/\/dravillanueva.com\/medicina-estetica\/wp-content\/uploads\/correccion-nasal-o-rinoplastia.jpg","contentUrl":"https:\/\/dravillanueva.com\/medicina-estetica\/wp-content\/uploads\/correccion-nasal-o-rinoplastia.jpg","width":1689,"height":1126,"caption":"correccion-nasal-o-rinoplastia"},{"@type":"BreadcrumbList","@id":"https:\/\/dravillanueva.com\/medicina-estetica\/correccion-nasal\/#breadcrumb","itemListElement":[{"@type":"ListItem","position":1,"name":"Portada","item":"https:\/\/dravillanueva.com\/medicina-estetica\/"},{"@type":"ListItem","position":2,"name":"Correcci\u00f3n Nasal"}]},{"@type":"WebSite","@id":"https:\/\/dravillanueva.com\/medicina-estetica\/#website","url":"https:\/\/dravillanueva.com\/medicina-estetica\/","name":"Dravillanueva.com","description":"Especialista en Medicina Est\u00e9tica","potentialAction":[{"@type":"SearchAction","target":{"@type":"EntryPoint","urlTemplate":"https:\/\/dravillanueva.com\/medicina-estetica\/?s={search_term_string}"},"query-input":{"@type":"PropertyValueSpecification","valueRequired":true,"valueName":"search_term_string"}}],"inLanguage":"es"}]}},"amp_enabled":true,"_links":{"self":[{"href":"https:\/\/dravillanueva.com\/medicina-estetica\/wp-json\/wp\/v2\/pages\/9210","targetHints":{"allow":["GET"]}}],"collection":[{"href":"https:\/\/dravillanueva.com\/medicina-estetica\/wp-json\/wp\/v2\/pages"}],"about":[{"href":"https:\/\/dravillanueva.com\/medicina-estetica\/wp-json\/wp\/v2\/types\/page"}],"author":[{"embeddable":true,"href":"https:\/\/dravillanueva.com\/medicina-estetica\/wp-json\/wp\/v2\/users\/4"}],"replies":[{"embeddable":true,"href":"https:\/\/dravillanueva.com\/medicina-estetica\/wp-json\/wp\/v2\/comments?post=9210"}],"version-history":[{"count":6,"href":"https:\/\/dravillanueva.com\/medicina-estetica\/wp-json\/wp\/v2\/pages\/9210\/revisions"}],"predecessor-version":[{"id":15167,"href":"https:\/\/dravillanueva.com\/medicina-estetica\/wp-json\/wp\/v2\/pages\/9210\/revisions\/15167"}],"wp:featuredmedia":[{"embeddable":true,"href":"https:\/\/dravillanueva.com\/medicina-estetica\/wp-json\/wp\/v2\/media\/9366"}],"wp:attachment":[{"href":"https:\/\/dravillanueva.com\/medicina-estetica\/wp-json\/wp\/v2\/media?parent=9210"}],"curies":[{"name":"wp","href":"https:\/\/api.w.org\/{rel}","templated":true}]}}