
{"id":10376,"date":"2016-07-20T12:41:17","date_gmt":"2016-07-20T10:41:17","guid":{"rendered":"http:\/\/www.dravillanueva.com\/medicinaestetica\/?page_id=10376"},"modified":"2025-03-23T10:42:23","modified_gmt":"2025-03-23T08:42:23","slug":"tratamientos-corporales","status":"publish","type":"page","link":"https:\/\/dravillanueva.com\/medicina-estetica\/tratamientos-corporales\/","title":{"rendered":"Tratamientos Corporales"},"content":{"rendered":"\n  <div class=\"banner has-hover\" id=\"banner-1968555350\">\n          <div class=\"banner-inner fill\">\n        <div class=\"banner-bg fill\" >\n            <div class=\"bg fill bg-fill \"><\/div>\n                                    \n                    <\/div>\n\t\t\n        <div class=\"banner-layers container\">\n            <div class=\"fill banner-link\"><\/div>            \n   <div id=\"text-box-1174040928\" class=\"text-box banner-layer x50 md-x50 lg-x50 y85 md-y85 lg-y85 res-text\">\n                                <div class=\"text-box-content text dark\">\n              \n              <div class=\"text-inner text-left\">\n                  \n<h3 class=\"uppercase\" style=\"text-align: center;\"><strong>TRATAMIENTOS CORPORALES<\/strong><\/h3>\n<p style=\"text-align: center;\">En nuestro centro podr\u00e1s encontrar una amplia gama de tratamientos de medicina est\u00e9tica para resolver los defectos est\u00e9ticos que te acomplejan.<\/p>\n              <\/div>\n           <\/div>\n                            \n<style>\n#text-box-1174040928 {\n  width: 60%;\n}\n#text-box-1174040928 .text-box-content {\n  font-size: 100%;\n}\n<\/style>\n    <\/div>\n \n        <\/div>\n      <\/div>\n\n            \n<style>\n#banner-1968555350 {\n  padding-top: 350px;\n  background-color: #d26e4b;\n}\n#banner-1968555350 .ux-shape-divider--top svg {\n  height: 150px;\n  --divider-top-width: 100%;\n}\n#banner-1968555350 .ux-shape-divider--bottom svg {\n  height: 150px;\n  --divider-width: 100%;\n}\n<\/style>\n  <\/div>\n\n\n\t<div id=\"gap-1505457015\" class=\"gap-element clearfix\" style=\"display:block; height:auto;\">\n\t\t\n<style>\n#gap-1505457015 {\n  padding-top: 50px;\n}\n<\/style>\n\t<\/div>\n\t\n<h2 style=\"text-align: center;\">Si\u00e9ntete a gusto con tu cuerpo<\/h2>\n<h3 style=\"text-align: center;\">Tenemos una soluci\u00f3n para los problemas que te preocupan<\/h3>\n<p style=\"text-align: center;\">Te ayudamos a mejorar y rejuvenecer diferentes partes de tu cuerpo con tratamientos corporales de \u00faltima generaci\u00f3n que no requieren cirug\u00eda.<\/p>\n\t<section class=\"section\" id=\"section_705100386\">\n\t\t<div class=\"bg section-bg fill bg-fill  bg-loaded\" >\n\n\t\t\t\n\t\t\t\n\t\t\t\n\n\t\t<\/div>\n\n\t\t\n\n\t\t<div class=\"section-content relative\">\n\t\t\t\n\t<div id=\"gap-1874702864\" class=\"gap-element clearfix\" style=\"display:block; height:auto;\">\n\t\t\n<style>\n#gap-1874702864 {\n  padding-top: 50px;\n}\n<\/style>\n\t<\/div>\n\t\n<div class=\"row row-collapse align-middle\"  id=\"row-842037313\">\n\n\t<div id=\"col-85055669\" class=\"col medium-4 small-12 large-4\"  >\n\t\t\t\t<div class=\"col-inner text-right\"  >\n\t\t\t\n\t\t\t\n<h5 style=\"text-align: right;\"><a href=\"http:\/\/dravillanueva.com\/medicina-estetica\/cuello\/\"><span style=\"font-size: 100%;\">CUELLO<\/span><\/a><\/h5>\n<h5 style=\"text-align: right;\"><a href=\"http:\/\/dravillanueva.com\/medicina-estetica\/escote\/\"><span style=\"font-size: 100%;\">ESCOTE<\/span><\/a><\/h5>\n<h5 style=\"text-align: right;\"><a href=\"http:\/\/dravillanueva.com\/medicina-estetica\/tratamiento-de-las-estrias\/\"><span style=\"font-size: 100%;\">TRATAMIENTO DE ESTR\u00cdAS<\/span><\/a><\/h5>\n<h5 style=\"text-align: right;\"><a href=\"http:\/\/dravillanueva.com\/medicina-estetica\/adios-a-la-celulitis\/\"><span style=\"font-size: 100%;\">TRATAMIENTO DE CELULITIS<\/span><\/a><\/h5>\n\t\t<\/div>\n\t\t\t\t\n<style>\n#col-85055669 > .col-inner {\n  padding: 20px 20px 20px 20px;\n  margin: 0px 0px 0px -20px;\n}\n<\/style>\n\t<\/div>\n\n\t\n\n\t<div id=\"col-1179127005\" class=\"col medium-4 small-12 large-4\"  >\n\t\t\t\t<div class=\"col-inner\"  >\n\t\t\t\n\t\t\t\n\t<div class=\"img has-hover x md-x lg-x y md-y lg-y\" id=\"image_931501033\">\n\t\t\t\t\t\t\t\t<div class=\"img-inner image-cover dark\" style=\"padding-top:95%;\">\n\t\t\t<img loading=\"lazy\" decoding=\"async\" width=\"1003\" height=\"857\" src=\"https:\/\/dravillanueva.com\/medicina-estetica\/wp-content\/uploads\/DraV-tratamientos-corporales.png\" class=\"attachment-original size-original\" alt=\"\" srcset=\"https:\/\/dravillanueva.com\/medicina-estetica\/wp-content\/uploads\/DraV-tratamientos-corporales.png 1003w, https:\/\/dravillanueva.com\/medicina-estetica\/wp-content\/uploads\/DraV-tratamientos-corporales-468x400.png 468w, https:\/\/dravillanueva.com\/medicina-estetica\/wp-content\/uploads\/DraV-tratamientos-corporales-936x800.png 936w, https:\/\/dravillanueva.com\/medicina-estetica\/wp-content\/uploads\/DraV-tratamientos-corporales-768x656.png 768w, https:\/\/dravillanueva.com\/medicina-estetica\/wp-content\/uploads\/DraV-tratamientos-corporales-600x513.png 600w\" sizes=\"auto, (max-width: 1003px) 100vw, 1003px\" \/>\t\t\t\t\t\t\n\t\t\t\t\t<\/div>\n\t\t\t\t\t\t\t\t\n<style>\n#image_931501033 {\n  width: 100%;\n}\n<\/style>\n\t<\/div>\n\t\n\t\t<\/div>\n\t\t\t\t\t<\/div>\n\n\t\n\n\t<div id=\"col-567221741\" class=\"col medium-4 small-12 large-4\"  >\n\t\t\t\t<div class=\"col-inner\"  >\n\t\t\t\n\t\t\t\n<h5 style=\"text-align: left;\"><a href=\"http:\/\/dravillanueva.com\/medicina-estetica\/sudoracion-excesiva\/\"><span style=\"font-size: 100%;\">SUDORACI\u00d3N EXCESIVA<\/span><\/a><\/h5>\n<h5 style=\"text-align: left;\"><a href=\"http:\/\/dravillanueva.com\/medicina-estetica\/rejuvenecimiento-de-manos\/\"><span style=\"font-size: 100%;\">REJUVENECIMIENTO DE MANOS<\/span><\/a><\/h5>\n<h5 style=\"text-align: left;\"><a href=\"https:\/\/dravillanueva.com\/medicina-estetica\/morpheus\/\"><span style=\"font-size: 100%;\">MORPHEUS<\/span><\/a><\/h5>\n\t\t<\/div>\n\t\t\t\t\n<style>\n#col-567221741 > .col-inner {\n  padding: 20px 20px 20px 20px;\n  margin: 0px 0px 0px 20px;\n}\n<\/style>\n\t<\/div>\n\n\t\n<\/div>\n\t\t<\/div>\n\n\t\t\n<style>\n#section_705100386 {\n  padding-top: 0px;\n  padding-bottom: 0px;\n  background-color: rgb(255,255,255);\n}\n#section_705100386 .ux-shape-divider--top svg {\n  height: 150px;\n  --divider-top-width: 100%;\n}\n#section_705100386 .ux-shape-divider--bottom svg {\n  height: 150px;\n  --divider-width: 100%;\n}\n@media (min-width:550px) {\n  #section_705100386 {\n    padding-top: 0px;\n    padding-bottom: 0px;\n  }\n}\n<\/style>\n\t<\/section>\n\t\n","protected":false},"excerpt":{"rendered":"<p>Si\u00e9ntete a gusto con tu cuerpo Tenemos una soluci\u00f3n para los problemas que te preocupan Te ayudamos a mejorar y rejuvenecer diferentes partes de tu cuerpo con tratamientos corporales de \u00faltima generaci\u00f3n que no requieren cirug\u00eda.<\/p>\n","protected":false},"author":4,"featured_media":14744,"parent":0,"menu_order":0,"comment_status":"closed","ping_status":"closed","template":"","meta":{"h5ap_radio_sources":[],"footnotes":""},"class_list":["post-10376","page","type-page","status-publish","has-post-thumbnail","hentry"],"yoast_head":"<!-- This site is optimized with the Yoast SEO plugin v27.5 - https:\/\/yoast.com\/product\/yoast-seo-wordpress\/ -->\n<title>Tratamientos Corporales - Dravillanueva.com<\/title>\n<meta name=\"description\" content=\"En la consulta de la Dra Villanueva ponemos a su disposici\u00f3n los mejores Tratamientos Corporales de Medicina Est\u00e9tica.\" \/>\n<meta name=\"robots\" content=\"index, follow, max-snippet:-1, max-image-preview:large, max-video-preview:-1\" \/>\n<link rel=\"canonical\" href=\"https:\/\/dravillanueva.com\/medicina-estetica\/tratamientos-corporales\/\" \/>\n<meta property=\"og:locale\" content=\"es_ES\" \/>\n<meta property=\"og:type\" content=\"article\" \/>\n<meta property=\"og:title\" content=\"Tratamientos Corporales - Dravillanueva.com\" \/>\n<meta property=\"og:description\" content=\"En la consulta de la Dra Villanueva ponemos a su disposici\u00f3n los mejores Tratamientos Corporales de Medicina Est\u00e9tica.\" \/>\n<meta property=\"og:url\" content=\"https:\/\/dravillanueva.com\/medicina-estetica\/tratamientos-corporales\/\" \/>\n<meta property=\"og:site_name\" content=\"Dravillanueva.com\" \/>\n<meta property=\"article:modified_time\" content=\"2025-03-23T08:42:23+00:00\" \/>\n<meta property=\"og:image\" content=\"https:\/\/dravillanueva.com\/medicina-estetica\/wp-content\/uploads\/DraV-tratamientos-corporales.png\" \/>\n\t<meta property=\"og:image:width\" content=\"1003\" \/>\n\t<meta property=\"og:image:height\" content=\"857\" \/>\n\t<meta property=\"og:image:type\" content=\"image\/png\" \/>\n<meta name=\"twitter:card\" content=\"summary_large_image\" \/>\n<meta name=\"twitter:label1\" content=\"Tiempo de lectura\" \/>\n\t<meta name=\"twitter:data1\" content=\"1 minuto\" \/>\n<script type=\"application\/ld+json\" class=\"yoast-schema-graph\">{\"@context\":\"https:\\\/\\\/schema.org\",\"@graph\":[{\"@type\":\"WebPage\",\"@id\":\"https:\\\/\\\/dravillanueva.com\\\/medicina-estetica\\\/tratamientos-corporales\\\/\",\"url\":\"https:\\\/\\\/dravillanueva.com\\\/medicina-estetica\\\/tratamientos-corporales\\\/\",\"name\":\"Tratamientos Corporales - Dravillanueva.com\",\"isPartOf\":{\"@id\":\"https:\\\/\\\/dravillanueva.com\\\/medicina-estetica\\\/#website\"},\"primaryImageOfPage\":{\"@id\":\"https:\\\/\\\/dravillanueva.com\\\/medicina-estetica\\\/tratamientos-corporales\\\/#primaryimage\"},\"image\":{\"@id\":\"https:\\\/\\\/dravillanueva.com\\\/medicina-estetica\\\/tratamientos-corporales\\\/#primaryimage\"},\"thumbnailUrl\":\"https:\\\/\\\/dravillanueva.com\\\/medicina-estetica\\\/wp-content\\\/uploads\\\/DraV-tratamientos-corporales.png\",\"datePublished\":\"2016-07-20T10:41:17+00:00\",\"dateModified\":\"2025-03-23T08:42:23+00:00\",\"description\":\"En la consulta de la Dra Villanueva ponemos a su disposici\u00f3n los mejores Tratamientos Corporales de Medicina Est\u00e9tica.\",\"breadcrumb\":{\"@id\":\"https:\\\/\\\/dravillanueva.com\\\/medicina-estetica\\\/tratamientos-corporales\\\/#breadcrumb\"},\"inLanguage\":\"es\",\"potentialAction\":[{\"@type\":\"ReadAction\",\"target\":[\"https:\\\/\\\/dravillanueva.com\\\/medicina-estetica\\\/tratamientos-corporales\\\/\"]}]},{\"@type\":\"ImageObject\",\"inLanguage\":\"es\",\"@id\":\"https:\\\/\\\/dravillanueva.com\\\/medicina-estetica\\\/tratamientos-corporales\\\/#primaryimage\",\"url\":\"https:\\\/\\\/dravillanueva.com\\\/medicina-estetica\\\/wp-content\\\/uploads\\\/DraV-tratamientos-corporales.png\",\"contentUrl\":\"https:\\\/\\\/dravillanueva.com\\\/medicina-estetica\\\/wp-content\\\/uploads\\\/DraV-tratamientos-corporales.png\",\"width\":1003,\"height\":857},{\"@type\":\"BreadcrumbList\",\"@id\":\"https:\\\/\\\/dravillanueva.com\\\/medicina-estetica\\\/tratamientos-corporales\\\/#breadcrumb\",\"itemListElement\":[{\"@type\":\"ListItem\",\"position\":1,\"name\":\"Portada\",\"item\":\"https:\\\/\\\/dravillanueva.com\\\/medicina-estetica\\\/\"},{\"@type\":\"ListItem\",\"position\":2,\"name\":\"Tratamientos Corporales\"}]},{\"@type\":\"WebSite\",\"@id\":\"https:\\\/\\\/dravillanueva.com\\\/medicina-estetica\\\/#website\",\"url\":\"https:\\\/\\\/dravillanueva.com\\\/medicina-estetica\\\/\",\"name\":\"Dravillanueva.com\",\"description\":\"Especialista en Medicina Est\u00e9tica\",\"potentialAction\":[{\"@type\":\"SearchAction\",\"target\":{\"@type\":\"EntryPoint\",\"urlTemplate\":\"https:\\\/\\\/dravillanueva.com\\\/medicina-estetica\\\/?s={search_term_string}\"},\"query-input\":{\"@type\":\"PropertyValueSpecification\",\"valueRequired\":true,\"valueName\":\"search_term_string\"}}],\"inLanguage\":\"es\"}]}<\/script>\n<!-- \/ Yoast SEO plugin. -->","yoast_head_json":{"title":"Tratamientos Corporales - Dravillanueva.com","description":"En la consulta de la Dra Villanueva ponemos a su disposici\u00f3n los mejores Tratamientos Corporales de Medicina Est\u00e9tica.","robots":{"index":"index","follow":"follow","max-snippet":"max-snippet:-1","max-image-preview":"max-image-preview:large","max-video-preview":"max-video-preview:-1"},"canonical":"https:\/\/dravillanueva.com\/medicina-estetica\/tratamientos-corporales\/","og_locale":"es_ES","og_type":"article","og_title":"Tratamientos Corporales - Dravillanueva.com","og_description":"En la consulta de la Dra Villanueva ponemos a su disposici\u00f3n los mejores Tratamientos Corporales de Medicina Est\u00e9tica.","og_url":"https:\/\/dravillanueva.com\/medicina-estetica\/tratamientos-corporales\/","og_site_name":"Dravillanueva.com","article_modified_time":"2025-03-23T08:42:23+00:00","og_image":[{"width":1003,"height":857,"url":"https:\/\/dravillanueva.com\/medicina-estetica\/wp-content\/uploads\/DraV-tratamientos-corporales.png","type":"image\/png"}],"twitter_card":"summary_large_image","twitter_misc":{"Tiempo de lectura":"1 minuto"},"schema":{"@context":"https:\/\/schema.org","@graph":[{"@type":"WebPage","@id":"https:\/\/dravillanueva.com\/medicina-estetica\/tratamientos-corporales\/","url":"https:\/\/dravillanueva.com\/medicina-estetica\/tratamientos-corporales\/","name":"Tratamientos Corporales - Dravillanueva.com","isPartOf":{"@id":"https:\/\/dravillanueva.com\/medicina-estetica\/#website"},"primaryImageOfPage":{"@id":"https:\/\/dravillanueva.com\/medicina-estetica\/tratamientos-corporales\/#primaryimage"},"image":{"@id":"https:\/\/dravillanueva.com\/medicina-estetica\/tratamientos-corporales\/#primaryimage"},"thumbnailUrl":"https:\/\/dravillanueva.com\/medicina-estetica\/wp-content\/uploads\/DraV-tratamientos-corporales.png","datePublished":"2016-07-20T10:41:17+00:00","dateModified":"2025-03-23T08:42:23+00:00","description":"En la consulta de la Dra Villanueva ponemos a su disposici\u00f3n los mejores Tratamientos Corporales de Medicina Est\u00e9tica.","breadcrumb":{"@id":"https:\/\/dravillanueva.com\/medicina-estetica\/tratamientos-corporales\/#breadcrumb"},"inLanguage":"es","potentialAction":[{"@type":"ReadAction","target":["https:\/\/dravillanueva.com\/medicina-estetica\/tratamientos-corporales\/"]}]},{"@type":"ImageObject","inLanguage":"es","@id":"https:\/\/dravillanueva.com\/medicina-estetica\/tratamientos-corporales\/#primaryimage","url":"https:\/\/dravillanueva.com\/medicina-estetica\/wp-content\/uploads\/DraV-tratamientos-corporales.png","contentUrl":"https:\/\/dravillanueva.com\/medicina-estetica\/wp-content\/uploads\/DraV-tratamientos-corporales.png","width":1003,"height":857},{"@type":"BreadcrumbList","@id":"https:\/\/dravillanueva.com\/medicina-estetica\/tratamientos-corporales\/#breadcrumb","itemListElement":[{"@type":"ListItem","position":1,"name":"Portada","item":"https:\/\/dravillanueva.com\/medicina-estetica\/"},{"@type":"ListItem","position":2,"name":"Tratamientos Corporales"}]},{"@type":"WebSite","@id":"https:\/\/dravillanueva.com\/medicina-estetica\/#website","url":"https:\/\/dravillanueva.com\/medicina-estetica\/","name":"Dravillanueva.com","description":"Especialista en Medicina Est\u00e9tica","potentialAction":[{"@type":"SearchAction","target":{"@type":"EntryPoint","urlTemplate":"https:\/\/dravillanueva.com\/medicina-estetica\/?s={search_term_string}"},"query-input":{"@type":"PropertyValueSpecification","valueRequired":true,"valueName":"search_term_string"}}],"inLanguage":"es"}]}},"amp_enabled":true,"_links":{"self":[{"href":"https:\/\/dravillanueva.com\/medicina-estetica\/wp-json\/wp\/v2\/pages\/10376","targetHints":{"allow":["GET"]}}],"collection":[{"href":"https:\/\/dravillanueva.com\/medicina-estetica\/wp-json\/wp\/v2\/pages"}],"about":[{"href":"https:\/\/dravillanueva.com\/medicina-estetica\/wp-json\/wp\/v2\/types\/page"}],"author":[{"embeddable":true,"href":"https:\/\/dravillanueva.com\/medicina-estetica\/wp-json\/wp\/v2\/users\/4"}],"replies":[{"embeddable":true,"href":"https:\/\/dravillanueva.com\/medicina-estetica\/wp-json\/wp\/v2\/comments?post=10376"}],"version-history":[{"count":24,"href":"https:\/\/dravillanueva.com\/medicina-estetica\/wp-json\/wp\/v2\/pages\/10376\/revisions"}],"predecessor-version":[{"id":16151,"href":"https:\/\/dravillanueva.com\/medicina-estetica\/wp-json\/wp\/v2\/pages\/10376\/revisions\/16151"}],"wp:featuredmedia":[{"embeddable":true,"href":"https:\/\/dravillanueva.com\/medicina-estetica\/wp-json\/wp\/v2\/media\/14744"}],"wp:attachment":[{"href":"https:\/\/dravillanueva.com\/medicina-estetica\/wp-json\/wp\/v2\/media?parent=10376"}],"curies":[{"name":"wp","href":"https:\/\/api.w.org\/{rel}","templated":true}]}}